e 95*i - 6568761 = -45*i + 5374639. What is the hundreds digit of i?
3
Let f = -244 - -249. Suppose -f*c + 1054 = -3*c. What is the hundreds digit of c?
5
Suppose -64 = -41*i + 25*i. What is the tens digit of (-8 + i - 1) + 264?
5
Suppose 0 = -5*c + c - 5*t + 361, -2*t = -10. Suppose -c - 3 = -m - 3*f, f = -m + 79. What is the tens digit of m?
7
Let p = 6 + -3. Let c be 4 - (24 + -25 - -2*1). Suppose -m + p*j + 68 = 0, -j - 62 = -c*m + 110. What is the tens digit of m?
5
Let p(o) = -20*o - 8. Let k(d) = -2*d + 1. Let h(b) = 4*k(b) - p(b). What is the tens digit of h(2)?
3
Suppose -1817*f = -1821*f + 24584. What is the tens digit of f?
4
Let q(m) be the second derivative of 9*m**5/20 + m**3/6 + m**2 + 2*m - 13. What is the units digit of q(3)?
8
Let q be (-4)/(-14) + (-3003)/49. Let t = q - -85. Suppose 0 = 19*z - t*z + 115. What is the tens digit of z?
2
Suppose 0 = -9*x + 3489 - 49420 + 262696. What is the hundreds digit of x?
0
Let k(s) be the third derivative of s**6/720 + 3*s**5/10 + s**4/3 + 10*s**2. Let z(t) be the second derivative of k(t). What is the tens digit of z(-15)?
2
Let g = 1699 + -1686. What is the units digit of g?
3
Let k(i) be the second derivative of -i**3 + i**2 + 26*i. Let o be k(-2). Suppose 2*z + o = w - 1, 0 = 2*w + z - 5. What is the units digit of w?
5
Let w be (1/(-5))/(-2 + 147/75). Suppose -19170 = -40*b - w*b. What is the hundreds digit of b?
4
Let f(n) = n**3 + 15*n**2 - 18*n + 39. Let p(r) = r**3 + 9*r**2 - 3*r - 43. Let t be p(-9). What is the tens digit of f(t)?
7
Suppose 29*p - 4887 = 4055 - 416. What is the tens digit of p?
9
Suppose 5*h + 84 = 4*z, 8*z - h - 52 = 5*z. Suppose 9*c - 2 = z. Suppose 0 = -2*m + 3*m, 5*g + c*m = 140. What is the tens digit of g?
2
Let s(v) = -5*v + 6. Let o be s(-8). Let n be (-6 - -9) + 3/1. Suppose n*x = o + 236. What is the units digit of x?
7
Let n = -3365 + 44395. Suppose -5286 + n = 32*c. What is the thousands digit of c?
1
Let a(f) be the second derivative of f**4/12 + 2*f**3/3 + 40*f**2 + 39*f - 2. What is the tens digit of a(-12)?
7
Suppose -42*x + 1254556 + 1290616 - 391244 = 0. What is the tens digit of x?
8
Let k = -390 + 370. What is the hundreds digit of 5*(-1 + (-8116)/k + 2)?
0
Suppose 16*r - 9*r = 2674. Suppose r = -18*y + 19*y. What is the units digit of y?
2
Let d be (-1 + 0)*(-9 + 2). Let g(f) = -2 - d - 5 - 21*f - 2*f**2 + 1. What is the tens digit of g(-9)?
1
Let c(i) be the first derivative of 29*i**3/3 - 3*i**2/2 - 5*i + 58. What is the tens digit of c(-2)?
1
Let l = 7 + -20. Let j(m) = 32498 - m**2 - 32*m + 32506 - 65032. What is the tens digit of j(l)?
1
Let z(v) be the second derivative of -v**5/20 - 11*v**4/12 + 25*v**3/6 - 6*v**2 - 30*v. Let d be z(-13). What is the tens digit of (d - 17)*(4/16 - 2)?
2
Let o = 1519 + 921. Suppose -5*n - o = -15*n. What is the hundreds digit of n?
2
Let t be 1/(1/1338)*4/8. Let y = -468 + t. What is the units digit of -2*(-5)/(30/y)?
7
Suppose -z + 13 = u, 8*z - 36 = 4*z + 4*u. Let k(l) = -146*l - 8. Let t be k(-6). Suppose z*d - t = 4*d. What is the tens digit of d?
2
Suppose 0 = -3*k + 18 - 3. Suppose -k*j - 7 = 3. What is the tens digit of (-18)/j*5 - 6/2?
4
Let p = 34812 - 22557. What is the hundreds digit of p?
2
Let a(v) = -v**2 + 12*v + 9. Let x be a(14). Let l(u) be the first derivative of -4*u**2 - 54*u + 7. What is the tens digit of l(x)?
9
Suppose -2*a - 4*t + 9*t = -3597, -2*a + 3595 = -3*t. Suppose 2362 + a = 14*r. What is the hundreds digit of r?
2
Let w(h) be the second derivative of h**4/12 + 2*h**3/3 + 8*h**2 - 25*h - 2. What is the units digit of w(13)?
7
Let z = -14584 + 21000. What is the tens digit of z?
1
Let l = -11 - 0. Let w be (-952)/(-88) + (-2)/l. Let d = 37 + w. What is the tens digit of d?
4
Suppose -468 = -0*s + 4*s. Suppose 7*b - 276 = 13*b. Let l = b - s. What is the tens digit of l?
7
Let o(k) = 13*k**2 - 19*k - 9. Let x(n) = -n**2 - 3*n. Let q(z) = 2*o(z) - 14*x(z). What is the tens digit of q(-5)?
6
Let z(u) = 1206*u - 923. What is the units digit of z(9)?
1
Let h be (-2)/(-1 + 19736/19744). Suppose -h = 30*t - 39376. What is the units digit of t?
8
Suppose 3*w - 20 = 8*w - 2*p, 3*w - 3*p + 21 = 0. Let f be 260 - (-3 - (-4 - w)). Suppose -f + 702 = 3*y. What is the units digit of y?
7
Suppose -24570 = 4739*h - 4744*h. What is the hundreds digit of h?
9
Let t(g) = -574*g**3 + 7*g**2 + 6*g + 1. Let c be t(-1). Let s = 1831 - c. What is the thousands digit of s?
1
What is the thousands digit of (-520)/(-130)*180709/20 + 6/5?
6
Let v(m) = -75*m**3 + 2*m**2 - 31*m - 71. What is the thousands digit of v(-3)?
2
Suppose 2*k = 3*t + 19087, k + t = 9796 - 245. What is the units digit of k?
8
Suppose 7*h = 15789 + 16507 + 31418. What is the tens digit of h?
0
Let x = -38 - -28. Let t = 13 + x. Suppose -t*m + 90 = -m. What is the tens digit of m?
4
Suppose 0 = -12*b + 13*b - 29. Suppose 34*o - b*o = 235. Let q = o + 63. What is the units digit of q?
0
Suppose 151*o + 73020 = 166*o. What is the hundreds digit of o?
8
Let y(r) = 0 + r - 4 + 3*r - 4. Let h(p) = p + 6. Let m be h(0). What is the units digit of y(m)?
6
Suppose -5*m - d = -8, m - 5*m + 18 = -5*d. Let p(r) = 45*r**3 + 4*r**2 - 3*r + 5. What is the hundreds digit of p(m)?
3
Suppose -3*l - 2*v - 14 + 62 = 0, 2*v = 0. Suppose -61*s + l = -65*s. What is the units digit of ((176/6)/s)/((-30)/45)?
1
Let o(w) = w**2 - 17*w + 16. Let x be o(16). Suppose -4*g + x*f + 3*f + 1166 = 0, -2*g + 576 = -5*f. What is the tens digit of g?
9
Let m be (-28)/15 + (-5)/((-300)/(-8)). What is the units digit of -5 + ((-3951)/(-45))/(m/(-10))?
4
Let k = -304 + 116. Let z = 739 + k. What is the tens digit of z?
5
Suppose -22*o - 92 - 40 = 0. What is the hundreds digit of (-3)/7 + o + 10509/21?
4
Let d(o) = -o - 103. Let c be d(0). Let x = c - -326. Suppose -3*k + 4*z = -97, -77 + x = 4*k - 2*z. What is the tens digit of k?
3
Suppose 0 = -2*v + 5*h - 478 + 3482, 3*v = -3*h + 4527. What is the tens digit of v?
0
Suppose -2*q - 3*f = -14 - 16, 3*f = 4*q - 42. Suppose 3*x - 745 = -p, 5*p = -x + q + 227. What is the units digit of x?
9
Let s(k) = -59*k - 70. Let q be s(3). Let w = 1119 - q. What is the units digit of w?
6
Let v = 301 - -7919. What is the tens digit of v?
2
Suppose -171*x + 175*x - 3*r - 172925 = 0, 3*r = -2*x + 86485. What is the ten thousands digit of x?
4
Suppose 5*o + 2*b - 115192 = 0, 115208 = 5*o + 5*b - 7*b. What is the units digit of o?
0
Let d(x) = -x**2 + 11*x + 315. Let v be d(0). Suppose -3*p - 595 = -4*f, -2*f = p - 6*p - v. What is the tens digit of f?
4
Suppose -h = 2*h. Let d be (-3 - (-185)/65) + (-2 - 14406/(-13)). Suppose -d = -5*r + o, -r + h*o + 216 = 5*o. What is the hundreds digit of r?
2
Suppose 85*a = 88*a - 2295. Let j be (2 - -1) + 2 + -2. Suppose -n = -j*k + 443, -4*k = k + 5*n - a. What is the units digit of k?
9
Suppose -b + 5*v - 1780 + 27258 = 0, -6*b + 152868 = -5*v. What is the hundreds digit of b?
4
Let u(p) be the first derivative of -8*p + 14/3*p**3 - 5/2*p**2 + 27. What is the tens digit of u(-3)?
3
Let g = 2972 + -2701. What is the tens digit of g?
7
Let y = -1944 - -4837. What is the units digit of y?
3
Let j = 12350 + -11000. What is the hundreds digit of j?
3
Suppose -3*c + 207 = 3*b, -b + 4*b = -5*c + 351. Suppose -39*x + 68 = -41*x - 2*u, 2*u = -5*x - 176. Let r = c + x. What is the units digit of r?
6
Suppose 5*a = -4*j - 15, -j - a + 6*a - 10 = 0. Let w be ((-2)/j)/(2/10). Suppose -2*f + w*v + 102 = -74, 5*v + 264 = 3*f. What is the tens digit of f?
8
Let d(f) = -5*f**3 - 22*f**2 - 31*f - 8. What is the tens digit of d(-16)?
3
Suppose -2*z = 3*p - 25955, -67*z + 63*z = 8. What is the tens digit of p?
5
Suppose 127 + 11 = 46*p. Let i(f) = -4*f**3 - 3*f**2 + 2*f - 4. Let v(y) = y**2 - 1. Let j(u) = -i(u) + 4*v(u). What is the hundreds digit of j(p)?
1
Let j be ((-1544)/6 - 0)/(14/42). What is the tens digit of (-2)/(-1)*j*7/(-56)?
9
Let v(o) = 1329*o + 182. What is the ten thousands digit of v(11)?
1
Suppose 5*u + 10*f - 5*f = 35, 13 = u - 5*f. Let a(l) = u*l + 13*l**2 + 2 - 8 - 30 - 12*l**2. What is the tens digit of a(-16)?
9
Let t(u) = u**2 + 5*u - 16. Let v(q) = -q**2 - 3*q + 11. Let k(l) = -5*t(l) - 7*v(l). Let p be k(2). Suppose -252 = -p*w - 0*w. What is the units digit of w?
4
Let q be 5 +